igit of 1355838127?
7
What is the ten millions digit of 72198420?
7
What is the tens digit of 101669144?
4
What is the hundreds digit of 688014138?
1
What is the millions digit of 2484993454?
4
What is the thousands digit of 87097766?
7
What is the hundred thousands digit of 289180736?
1
What is the millions digit of 175526908?
5
What is the hundred thousands digit of 79738384?
7
What is the units digit of 55756226?
6
What is the hundreds digit of 279889962?
9
What is the tens digit of 1432532431?
3
What is the ten millions digit of 108439092?
0
What is the ten thousands digit of 1531637544?
3
What is the thousands digit of 685030460?
0
What is the thousands digit of 3188079964?
9
What is the ten thousands digit of 104766210?
6
What is the hundred thousands digit of 171664390?
6
What is the tens digit of 44191847?
4
What is the thousands digit of 5106676191?
6
What is the ten millions digit of 21133579?
2
What is the thousands digit of 2453913831?
3
What is the units digit of 52135391?
1
What is the thousands digit of 47986176?
6
What is the hundred thousands digit of 75248583?
2
What is the units digit of 80119177?
7
What is the hundreds digit of 6085875224?
2
What is the units digit of 25294958?
8
What is the tens digit of 1990941430?
3
What is the millions digit of 40666828?
0
What is the tens digit of 23997594?
9
What is the units digit of 25120383?
3
What is the ten thousands digit of 361624702?
2
What is the thousands digit of 2336439173?
9
What is the ten millions digit of 6563480060?
6
What is the ten millions digit of 26597042?
2
What is the millions digit of 33777034?
3
What is the ten thousands digit of 3249281?
4
What is the hundred thousands digit of 516943698?
9
What is the hundreds digit of 3362024942?
9
What is the billions digit of 3371177060?
3
What is the units digit of 217886331?
1
What is the tens digit of 222909640?
4
What is the hundred thousands digit of 2764476932?
4
What is the hundreds digit of 3722548579?
5
What is the thousands digit of 1538536600?
6
What is the billions digit of 3312885948?
3
What is the ten millions digit of 71806742?
7
What is the hundred thousands digit of 863550257?
5
What is the billions digit of 1479204033?
1
What is the tens digit of 1957053019?
1
What is the hundreds digit of 64023755?
7
What is the units digit of 59244481?
1
What is the hundreds digit of 876020254?
2
What is the millions digit of 95569496?
5
What is the thousands digit of 34462199?
2
What is the units digit of 169293682?
2
What is the units digit of 8948798?
8
What is the hundred thousands digit of 274906443?
9
What is the hundreds digit of 85699743?
7
What is the ten millions digit of 36405278?
3
What is the ten millions digit of 866788453?
6
What is the hundreds digit of 116143301?
3
What is the units digit of 1555517148?
8
What is the ten thousands digit of 906186919?
8
What is the units digit of 22306088?
8
What is the tens digit of 3188115?
1
What is the ten millions digit of 49577062?
4
What is the ten millions digit of 24877300?
2
What is the millions digit of 117337186?
7
What is the units digit of 1651186270?
0
What is the units digit of 549241316?
6
What is the units digit of 242663214?
4
What is the tens digit of 397031130?
3
What is the ten millions digit of 5405014095?
0
What is the hundreds digit of 210791325?
3
What is the millions digit of 63893923?
3
What is the thousands digit of 412640556?
0
What is the hundred millions digit of 182561948?
1
What is the hundreds digit of 98917643?
6
What is the ten thousands digit of 38430724?
3
What is the millions digit of 114827661?
4
What is the tens digit of 62266489?
8
What is the hundreds digit of 379458727?
7
What is the thousands digit of 30921598?
1
What is the ten millions digit of 369232527?
6
What is the units digit of 248083635?
5
What is the ten millions digit of 105548891?
0
What is the hundred thousands digit of 1034643963?
6
What is the billions digit of 2141458306?
2
What is the units digit of 381056687?
7
What is the units digit of 1719466?
6
What is the hundred thousands digit of 87951863?
9
What is the millions digit of 60100709?
0
What is the hundred thousands digit of 24403268?
4
What is the ten thousands digit of 458726148?
2
What is the units digit of 1677601391?
1
What is the ten thousands digit of 46083025?
8
What is the units digit of 147468706?
6
What is the tens digit of 2313917057?
5
What is the ten thousands digit of 39577910?
7
What is the ten millions digit of 72056328?
7
What is the tens digit of 4574007860?
6
What is the millions digit of 504357326?
4
What is the millions digit of 1861190607?
1
What is the billions digit of 1653004414?
1
What is the thousands digit of 84153941?
3
What is the hundreds digit of 48711126?
1
What is the ten thousands digit of 990006351?
0
What is the thousands digit of 4691672969?
2
What is the ten millions digit of 59348662?
5
What is the hundred thousands digit of 1149722834?
7
What is the ten thousands digit of 72281518?
8
What is the millions digit of 1115989714?
5
What is the ten thousands digit of 94587186?
8
What is the units digit of 82779870?
0
What is the hundred thousands digit of 817974585?
9
What is the ten millions digit of 1278872669?
7
What is the hundreds digit of 52515027?
0
What is the ten millions digit of 53046570?
5
What is the millions digit of 92000544?
2
What is the hundred thousands digit of 746058344?
0
What is the tens digit of 42823551?
5
What is the units digit of 3135392645?
5
What is the hundred thousands digit of 7864498?
8
What is the billions digit of 2392125279?
2
What is the hundreds digit of 124122654?
6
What is the hundred thousands digit of 52593944?
5
What is the ten thousands digit of 64723155?
2
What is the hundreds digit of 554468388?
3
What is the hundred millions digit of 267621917?
2
What is the ten thousands digit of 190226366?
2
What is the ten millions digit of 115802468?
1
What is the hundred thousands digit of 1231061964?
0
What is the tens digit of 1613983?
8
What is the millions digit of 278412899?
8
What is the hundred millions digit of 2226444685?
2
What is the ten millions digit of 285646465?
8
What is the millions digit of 598846326?
8
What is the ten millions digit of 5438215752?
3
What is the ten millions digit of 38829264?
3
What is the hundred millions digit of 163687618?
1
What is the thousands digit of 61522074?
2
What is the ten millions digit of 1370105317?
7
What is the hundred millions digit of 923941786?
9
What is the hundreds digit of 2710185204?
2
What is the hundred thousands digit of 2788621649?
6
What is the millions digit of 263219725?
3
What is the hundred thousands digit of 71749330?
7
What is the thousands digit of 926817167?
7
What is the ten thousands digit of 36303755?
0
What is the tens digit of 133403803?
0
What is the tens digit of 17282088?
8
What is the millions digit of 65934312?
5
What is the millions digit of 434787316?
4
What is the hundred thousands digit of 2149866862?
8
What is the hundreds digit of 158281213?
2
What is the billions digit of 5468058663?
5
What is the hundred thousands digit of 113631717?
6
What is the tens digit of 1689238834?
3
What is the millions digit of 776326371?
6
What is the ten thousands digit of 57246291?
4
What is the tens digit of 70304388?
8
What is the ten millions digit of 1597831609?
9
What is the hundred millions digit of 230258998?
2
What is the thousands digit of 478567822?
7
What is the thousands digit of 1664350744?
0
What is the tens digit of 1744446427?
2
What is the units digit of 53924552?
2
What is the ten thousands digit of 779283897?
8
What is the hundreds digit of 2232339994?
9
What is the ten thousands digit of 300355639?
5
What is the hundred thousands digit of 6498803177?
8
What is the hundreds digit of 565752994?
9
What is the hundred thousands digit of 417581265?
5
What is the hundred thousands digit of 31178068?
1
What is the millions digit of 147393972?
7
What is the ten thousands digit of 1659516519?
1
What is the units digit of 111269433?
3
What is the ten thousands digit of 5055450180?
5
What is the millions digit of 1878653551?
8
What is the hundred thousands digit of 6066101607?
1
What is the ten thousands digit of 7526911?
2
What is the thousands dig